[INFO] fetching crate neh 0.0.6...
[INFO] checking neh-0.0.6 against master#e6e4f7ed1589e03bc2f6c5931c1a72e7947e8682 for beta-170-4
[INFO] extracting crate neh 0.0.6 into /workspace/builds/worker-3-tc2/source
[INFO] validating manifest of crates.io crate neh 0.0.6 on toolchain e6e4f7ed1589e03bc2f6c5931c1a72e7947e8682
[INFO] running `Command { std: CARGO_HOME="/workspace/cargo-home" RUSTUP_HOME="/workspace/rustup-home" "/workspace/cargo-home/bin/cargo" "+e6e4f7ed1589e03bc2f6c5931c1a72e7947e8682" "metadata" "--manifest-path" "Cargo.toml" "--no-deps", kill_on_drop: false }`
[INFO] started tweaking crates.io crate neh 0.0.6
[INFO] finished tweaking crates.io crate neh 0.0.6
[INFO] tweaked toml for crates.io crate neh 0.0.6 written to /workspace/builds/worker-3-tc2/source/Cargo.toml
[INFO] crate crates.io crate neh 0.0.6 already has a lockfile, it will not be regenerated
[INFO] running `Command { std: CARGO_HOME="/workspace/cargo-home" RUSTUP_HOME="/workspace/rustup-home" "/workspace/cargo-home/bin/cargo" "+e6e4f7ed1589e03bc2f6c5931c1a72e7947e8682" "fetch" "--manifest-path" "Cargo.toml", kill_on_drop: false }`
[INFO] running `Command { std: "docker" "create" "-v" "/var/lib/crater-agent-workspace/builds/worker-3-tc2/target:/opt/rustwide/target:rw,Z" "-v" "/var/lib/crater-agent-workspace/builds/worker-3-tc2/source:/opt/rustwide/workdir:ro,Z" "-v" "/var/lib/crater-agent-workspace/cargo-home:/opt/rustwide/cargo-home:ro,Z" "-v" "/var/lib/crater-agent-workspace/rustup-home:/opt/rustwide/rustup-home:ro,Z" "-e" "SOURCE_DIR=/opt/rustwide/workdir" "-e" "CARGO_TARGET_DIR=/opt/rustwide/target" "-e" "CARGO_HOME=/opt/rustwide/cargo-home" "-e" "RUSTUP_HOME=/opt/rustwide/rustup-home" "-w" "/opt/rustwide/workdir" "-m" "1610612736" "--user" "0:0" "--network" "none" "ghcr.io/rust-lang/crates-build-env/linux@sha256:19e73879b68f455e41552ea35293514db52ea292d993f571636dbffedb77a1ee" "/opt/rustwide/cargo-home/bin/cargo" "+e6e4f7ed1589e03bc2f6c5931c1a72e7947e8682" "metadata" "--no-deps" "--format-version=1", kill_on_drop: false }`
[INFO] [stdout] 73f3bd6e02921adfe0e8ce54b1ec03c0033b5a8a47a5f8713cc16227caef1fa3
[INFO] running `Command { std: "docker" "start" "-a" "73f3bd6e02921adfe0e8ce54b1ec03c0033b5a8a47a5f8713cc16227caef1fa3", kill_on_drop: false }`
[INFO] running `Command { std: "docker" "inspect" "73f3bd6e02921adfe0e8ce54b1ec03c0033b5a8a47a5f8713cc16227caef1fa3", kill_on_drop: false }`
[INFO] running `Command { std: "docker" "rm" "-f" "73f3bd6e02921adfe0e8ce54b1ec03c0033b5a8a47a5f8713cc16227caef1fa3", kill_on_drop: false }`
[INFO] [stdout] 73f3bd6e02921adfe0e8ce54b1ec03c0033b5a8a47a5f8713cc16227caef1fa3
[INFO] running `Command { std: "docker" "create" "-v" "/var/lib/crater-agent-workspace/builds/worker-3-tc2/target:/opt/rustwide/target:rw,Z" "-v" "/var/lib/crater-agent-workspace/builds/worker-3-tc2/source:/opt/rustwide/workdir:ro,Z" "-v" "/var/lib/crater-agent-workspace/cargo-home:/opt/rustwide/cargo-home:ro,Z" "-v" "/var/lib/crater-agent-workspace/rustup-home:/opt/rustwide/rustup-home:ro,Z" "-e" "SOURCE_DIR=/opt/rustwide/workdir" "-e" "CARGO_TARGET_DIR=/opt/rustwide/target" "-e" "CARGO_INCREMENTAL=0" "-e" "RUST_BACKTRACE=full" "-e" "RUSTFLAGS=--cap-lints=forbid" "-e" "RUSTDOCFLAGS=--cap-lints=forbid" "-e" "CARGO_HOME=/opt/rustwide/cargo-home" "-e" "RUSTUP_HOME=/opt/rustwide/rustup-home" "-w" "/opt/rustwide/workdir" "-m" "1610612736" "--user" "0:0" "--network" "none" "ghcr.io/rust-lang/crates-build-env/linux@sha256:19e73879b68f455e41552ea35293514db52ea292d993f571636dbffedb77a1ee" "/opt/rustwide/cargo-home/bin/cargo" "+e6e4f7ed1589e03bc2f6c5931c1a72e7947e8682" "check" "--frozen" "--all" "--all-targets" "--message-format=json", kill_on_drop: false }`
[INFO] [stdout] bc43710bd1e98205029cad777be7b3cbe89c578f6777fc4aaf872cb2b2d5a0fb
[INFO] running `Command { std: "docker" "start" "-a" "bc43710bd1e98205029cad777be7b3cbe89c578f6777fc4aaf872cb2b2d5a0fb", kill_on_drop: false }`
[INFO] [stderr]    Compiling serde v1.0.136
[INFO] [stderr]    Compiling smallvec v1.8.0
[INFO] [stderr]    Compiling version-compare v0.1.0
[INFO] [stderr]    Compiling libc v0.2.117
[INFO] [stderr]    Compiling syn v1.0.86
[INFO] [stderr]    Compiling futures-core v0.3.19
[INFO] [stderr]    Compiling futures-task v0.3.19
[INFO] [stderr]    Compiling anyhow v1.0.53
[INFO] [stderr]    Compiling futures-util v0.3.19
[INFO] [stderr]    Compiling futures-channel v0.3.19
[INFO] [stderr]    Compiling ucd-trie v0.1.3
[INFO] [stderr]     Checking once_cell v1.9.0
[INFO] [stderr]    Compiling gio v0.15.4
[INFO] [stderr]     Checking futures-io v0.3.19
[INFO] [stderr]    Compiling proc-macro-error-attr v1.0.4
[INFO] [stderr]    Compiling memoffset v0.6.5
[INFO] [stderr]    Compiling gtk v0.15.3
[INFO] [stderr]     Checking windows-sys v0.32.0
[INFO] [stderr]    Compiling cfg-expr v0.9.1
[INFO] [stderr]    Compiling pest v2.1.3
[INFO] [stderr]     Checking windows v0.32.0
[INFO] [stdout] error[E0433]: failed to resolve: could not find `windows` in `os`
[INFO] [stdout]     --> /opt/rustwide/cargo-home/registry/src/index.crates.io-6f17d22bba15001f/windows-0.32.0/src/Windows/Win32/Foundation/mod.rs:5992:22
[INFO] [stdout]      |
[INFO] [stdout] 5992 |         use std::os::windows::ffi::OsStrExt;
[INFO] [stdout]      |                      ^^^^^^^ could not find `windows` in `os`
[INFO] [stdout] 
[INFO] [stdout] 
[INFO] [stdout] error[E0433]: failed to resolve: could not find `windows` in `os`
[INFO] [stdout]     --> /opt/rustwide/cargo-home/registry/src/index.crates.io-6f17d22bba15001f/windows-0.32.0/src/core/bindings.rs:1517:22
[INFO] [stdout]      |
[INFO] [stdout] 1517 |         use std::os::windows::ffi::OsStrExt;
[INFO] [stdout]      |                      ^^^^^^^ could not find `windows` in `os`
[INFO] [stdout] 
[INFO] [stdout] 
[INFO] [stderr]    Compiling semver-parser v0.10.2
[INFO] [stderr]    Compiling semver v0.11.0
[INFO] [stderr]    Compiling rustc_version v0.3.3
[INFO] [stderr]    Compiling field-offset v0.3.4
[INFO] [stdout] error[E0599]: no method named `encode_wide` found for reference `&OsStr` in the current scope
[INFO] [stdout]     --> /opt/rustwide/cargo-home/registry/src/index.crates.io-6f17d22bba15001f/windows-0.32.0/src/Windows/Win32/Foundation/mod.rs:5993:104
[INFO] [stdout]      |
[INFO] [stdout] 5993 | ...ore::alloc::boxed::Box::<[u16]>::into_raw(self.encode_wide().chain(::core::iter::once(0)).collect::<::windows::core::alloc::vec::Vec<u...
[INFO] [stdout]      |                                                   ^^^^^^^^^^^ method not found in `&OsStr`
[INFO] [stdout] 
[INFO] [stdout] 
[INFO] [stderr]     Checking futures-executor v0.3.19
[INFO] [stdout] error[E0599]: no method named `encode_wide` found for reference `&OsStr` in the current scope
[INFO] [stdout]     --> /opt/rustwide/cargo-home/registry/src/index.crates.io-6f17d22bba15001f/windows-0.32.0/src/core/bindings.rs:1518:104
[INFO] [stdout]      |
[INFO] [stdout] 1518 | ...ore::alloc::boxed::Box::<[u16]>::into_raw(self.encode_wide().chain(::core::iter::once(0)).collect::<::windows::core::alloc::vec::Vec<u...
[INFO] [stdout]      |                                                   ^^^^^^^^^^^ method not found in `&OsStr`
[INFO] [stdout] 
[INFO] [stdout] 
[INFO] [stdout] error: aborting due to 4 previous errors
[INFO] [stdout] 
[INFO] [stdout] 
[INFO] [stdout] Some errors have detailed explanations: E0433, E0599.
[INFO] [stdout] 
[INFO] [stdout] For more information about an error, try `rustc --explain E0433`.
[INFO] [stdout] 
[INFO] [stderr] error: could not compile `windows` (lib) due to 5 previous errors
[INFO] [stderr] warning: build failed, waiting for other jobs to finish...
[INFO] running `Command { std: "docker" "inspect" "bc43710bd1e98205029cad777be7b3cbe89c578f6777fc4aaf872cb2b2d5a0fb", kill_on_drop: false }`
[INFO] running `Command { std: "docker" "rm" "-f" "bc43710bd1e98205029cad777be7b3cbe89c578f6777fc4aaf872cb2b2d5a0fb", kill_on_drop: false }`
[INFO] [stdout] bc43710bd1e98205029cad777be7b3cbe89c578f6777fc4aaf872cb2b2d5a0fb
